40512 + 46?
-240433
In base 16, what is -1ca + d7?
-f3
In base 6, what is -1115 - -244?
-431
In base 9, what is 7070 - -71?
7151
In base 8, what is -1634022 - 4?
-1634026
In base 2, what is -11001 + 1000101110000000110?
1000101101111101101
In base 13, what is 8 + 27?
32
In base 6, what is 14453 - 0?
14453
In base 16, what is -4e0c - -7?
-4e05
In base 16, what is 6 - a8e0?
-a8da
In base 14, what is -188b + 5?
-1886
In base 14, what is 15 - -87b7?
87cc
In base 8, what is -4 + 340030?
340024
In base 2, what is 11000000 + -1001000?
1111000
In base 5, what is -10013 + 3?
-10010
In base 4, what is 20 + 330100123?
330100203
In base 8, what is 0 + -246463?
-246463
In base 16, what is -3246 + 8?
-323e
In base 6, what is 31050 - 2023?
25023
In base 8, what is 156 - -4373?
4551
In base 11, what is -5 + 3081?
3077
In base 11, what is -256a + -34?
-25a3
In base 6, what is -1502 - 41535?
-43441
In base 3, what is -12020011200 + -1?
-12020011201
In base 10, what is -278 - 114?
-392
In base 7, what is -54364 - -204?
-54160
In base 10, what is 10212 - 32?
10180
In base 12, what is -268 - -25?
-243
In base 9, what is 13363 - -4?
13367
In base 15, what is 1 - -5131?
5132
In base 8, what is -552 - -1551?
777
In base 5, what is 2100414132 - -1?
2100414133
In base 11, what is -149 - 2607?
-2755
In base 14, what is -29184 - 2?
-29186
In base 8, what is 105747 - -2?
105751
In base 5, what is -3330141213 + -3?
-3330141221
In base 10, what is -122 - -26?
-96
In base 3, what is 20111 + -222?
12112
In base 15, what is -a01a - 1?
-a01b
In base 4, what is -1 + -2112013?
-2112020
In base 3, what is -101 + -121002021100?
-121002021201
In base 2, what is -1010001111101 + -10?
-1010001111111
In base 3, what is 20202010211 - -110?
20202011021
In base 5, what is -1334240 - 4?
-1334244
In base 13, what is -b + b0b?
b00
In base 3, what is -1022221100 + 22?
-1022221001
In base 11, what is -507 + 801?
2a5
In base 5, what is 122 + 432?
1104
In base 3, what is -120 - -10202120022?
10202112202
In base 9, what is 17 - -402?
420
In base 14, what is -4 - 12a3?
-12a7
In base 14, what is 14 - -686?
69a
In base 10, what is -93747 - -82?
-93665
In base 10, what is 750 - -54?
804
In base 10, what is -3486 - 25?
-3511
In base 11, what is -135292 - 3?
-135295
In base 14, what is -31 + -4cd?
-520
In base 16, what is 12 - -7ce1?
7cf3
In base 12, what is 2356b - 46?
23525
In base 5, what is -32 + 14120?
14033
In base 10, what is 649030 - -3?
649033
In base 6, what is -455 + 1120?
221
In base 16, what is 163c + -4?
1638
In base 4, what is 2301 + -20010?
-11103
In base 3, what is -12112211 - -121?
-12112020
In base 3, what is -2201011100201 + -10?
-2201011100211
In base 13, what is 11c + 1590?
16ac
In base 9, what is -3 - 17322?
-17325
In base 16, what is 88e + -14?
87a
In base 12, what is -12 - 9b?
-b1
In base 2, what is 111011000001000 + -100?
111011000000100
In base 11, what is 132834 - -3?
132837
In base 3, what is -20211010 + -122?
-20211202
In base 10, what is -1640 + 48?
-1592
In base 4, what is -22 - -211031223?
211031201
In base 2, what is -11111100010001000 + -101?
-11111100010001101
In base 10, what is 19 + -49?
-30
In base 15, what is -48 + -63b?
-684
In base 9, what is 150258 - -1?
150260
In base 11, what is -2512 + -183?
-2695
In base 8, what is 12 - -125346?
125360
In base 14, what is -958 + -4b?
-9a5
In base 13, what is -3 - -133c58?
133c55
In base 13, what is -137 - c6b?
-10a5
In base 3, what is 1 + -120001012211?
-120001012210
In base 11, what is 7101 + -3?
70a9
In base 7, what is 1612 + -60?
1522
In base 13, what is -7185 + 13c?
-7046
In base 8, what is 161155 - 12?
161143
In base 5, what is -2 - -2211422?
2211420
In base 11, what is -3a + 947?
908
In base 14, what is 150 + 881?
9d1
In base 7, what is -1 - -23342?
23341
In base 6, what is 203 + -1230?
-1023
In base 12, what is -32 - a6?
-118
In base 4, what is 2 + 21003232?
21003300
In base 9, what is -80083 + -5?
-80088
In base 4, what is -1 - 2211103?
-2211110
In base 16, what is -3cc46 + -1?
-3cc47
In base 7, what is -14133 + -25?
-14161
In base 6, what is 325 - 502?
-133
In base 13, what is -a413 - -5?
-a40b
In base 3, what is -100200 - 20?
-100220
In base 3, what is -12 - 1222210220?
-1222211002
In base 2, what is 100 + -1110001100011101?
-1110001100011001
In base 8, what is 45 - 1325?
-1260
In base 14, what is -917 + 19?
-8dc
In base 13, what is 127b9 - -5?
127c1
In base 2, what is 1 + 1000110000110110?
1000110000110111
In base 6, what is 2 - -1233341?
1233343
In base 13, what is -240 + 303?
93
In base 3, what is -10 + 1020210210?
1020210200
In base 13, what is 5 + -18326?
-18321
In base 9, what is -454 + 235?
-218
In base 13, what is -1408 + 53?
-1385
In base 14, what is -18782 - 3?
-18785
In base 16, what is 5 + 30ac?
30b1
In base 12, what is 31 + -1835?
-1804
In base 5, what is 114 - 100204?
-100040
In base 15, what is -2e4a - 1?
-2e4b
In base 13, what is 12 - -297b?
2990
In base 10, what is 373 - -138?
511
In base 13, what is -3b85 + 5?
-3b80
In base 15, what is 5 + 38cac?
38cb2
In base 13, what is -3c0 - 48?
-438
In base 4, what is 312 + -3210?
-2232
In base 3, what is -2120102 - 11012?
-2201121
In base 16, what is -11687 - 1?
-11688
In base 7, what is 112 + 2040?
2152
In base 5, what is 0 - 13234013?
-13234013
In base 8, what is 3 + 731775?
732000
In base 11, what is -56362 + 3?
-5635a
In base 4, what is -1000321321 - 1?
-1000321322
In base 6, what is 20 + -333122?
-333102
In base 15, what is -149 + bb?
-7d
In base 3, what is -110110002 - 122?
-110110201
In base 11, what is 1687 + 279?
1955
In base 3, what is 121 - 12012012100?
-12012011202
In base 12, what is 1403 - 14?
13ab
In base 2, what is 110 + 1101011000000?
1101011000110
In base 8, what is -556 + 114?
-442
In base 3, what is 10222 + -120022?
-102100
In base 15, what is 2a3 + 13?
2b6
In base 8, what is -117400 + 4?
-117374
In base 2, what is -100000 + -10111?
-110111
In base 5, what is 4432122022 + -2?
4432122020
In base 5, what is -10 - 222040?
-222100
In base 6, what is 40 - -1130?
1210
In base 5, what is 1424 - 344413?
-342434
In base 10, what is 4748 - 11?
4737
In base 5, what is 140 + -1042?
-402
In base 12, what is 424 + -44b?
-27
In base 12, what is 16 + -3b46?
-3b30
In base 15, what is -dd9 - 4a?
-e34
In base 6, what is -25 + -101321?
-101350
In base 11, what is a52a + 14?
a543
In base 7, what is 25040553 + 1?
25040554
In base 11, what is 6 + -1212?
-1207
In base 14, what is 2 - 458?
-456
In base 13, what is 0 - c3b0?
-c3b0
In base 10, what is -29900 - -38?
-29862
In base 14, what is 49c015 - 5?
49c010
In base 9, what is 237478 - -5?
237484
In base 14, what is -5a + -66?
-c2
In base 7, what is -105315 - 36?
-105354
In base 15, what is c40 + -15?
c2a
In base 5, what is -3 - 1431313?
-1431321
In base 2, what is -100011111100011110010 + 1?
-100011111100011110001
In base 6, what is 0 + 543410?
543410
In base 7, what is 1615 - 121?
1464
In base 11, what is -26630 - 12?
-26642
In base 16, what is 67 + -b8?
-51
In base 13, what is -12c + -92c?
-a5b
In base 13, what is 2775 + -3?
2772
In base 3, what is -101 + -1101010122?
-1101011000
In base 16, what is -18df2 - 2?
-18df4
In base 14, what is -4 - 15b3?
-15b7
In base 6, what is 14440554 + 0?
14440554
In base 9, what is -1778 + 0?
-1778
In base 2, what is -1010010100000001 + -100?
-1010010100000101
In base 7, what is -1 + 3123605?
3123604
In base 9, what is -2 - -3105270?
3105267
In base 5, what is 2214010 - -4?
2214014
In base 11, what is 35 - -7a92?
8017
In base 3, what is -202001 + 110202?
-21022
In base 8, what is 114725 + -4?
114721
In base 12, what is 6724 + ab?
6813
In base 10, what is 2 + -23034?
-23032
In base 8, what is -31 + -5347?
-5400
In base 13, what is -8 - 2cb1?
-2cb9
In base 2, what is -10101111111 - -11000010010?
10010011
In base 3, what is -1 - 10010211?
-10010212
In base 8, what is 122 - 4500?
-4356
In base 7, what is 2100 + 234?
2334
In base 12, what is -104 + 267?
163
In base 14, what is 4 - 30384?
-30380
In base 9, what is -3 + 21066?
21063
In base 7, what is -6420 + -4?
-6424
In base 7, what is 34452500 + 4?
34452504
In base 7, what is 2561 - 103?
2455
In base 7, what is 4 - 25250?
-25243
In base 4, what is 1202022 - 101?
1201321
In base 16, what is -10 + -6ba6?
-6bb6
In base 8, what 